
3
Let p be -5*(-6)/10*14/(-3). Let v = 11 + p. Let b be -3*(4 - (-142)/v). Calculate the greatest common divisor of 52 and b.
26
Let b be 16/56*77 - -6. Calculate the greatest common factor of 1792 and b.
28
Let d(k) = -k**2 - 19*k + 133. Let a be d(-24). Calculate the highest common divisor of a and 637.
13
Let y(l) = -92*l - 2260. Let h be y(-46). Calculate the greatest common divisor of 612 and h.
68
Let g = 142 - 136. Let y be (-2)/g + (48/(-18) - -9). Suppose 33 + 3 = y*v. What is the highest common factor of v and 21?
3
Let z(o) = -56*o + 688. Let h be z(11). Calculate the highest common divisor of 984 and h.
24
Suppose 2790 = 3*c - 4*d + 384, 6*c - 3*d - 4827 = 0. What is the greatest common factor of c and 62?
62
Suppose -3*x + 14 + 1 = 0, -4*x + 75 = 5*p. Let c(k) = -14*k + p + 9*k + 16*k. Let o be c(14). What is the highest common factor of o and 15?
15
Suppose -2*j - 2*a + 7150 = 0, -51*j - a - 10705 = -54*j. Calculate the highest common divisor of j and 60.
30
Suppose 74 = 5*w - 2*i - 66, i + 85 = 3*w. Suppose w*u - 336 = 26*u. Calculate the highest common divisor of u and 42.
42
Let a = 335 - 249. Let z = a + -36. What is the greatest common divisor of z and 125?
25
Let t be 4*(30975/90 + 2/6). Suppose 7*i - 302 = t. What is the greatest common factor of i and 40?
40
Let x(r) = -r**3 - 3*r**2 + 41*r + 248. Let z be x(-8). Calculate the greatest common factor of 2670 and z.
30
Let x be -7 + (12 + -247)/(-5). What is the highest common divisor of x and 590?
10
Suppose -2*s + 1210 = -c, 276 + 1519 = 3*s - 4*c. What is the highest common divisor of 91 and s?
7
Let o(l) = -3*l**3 + 54*l**2 - 49*l - 10. Let s be o(17). What is the greatest common divisor of s and 8412?
12
Suppose 271 + 666 = 106*i - 229. What is the greatest common divisor of 7051 and i?
11
Suppose -2*o = -2*c - 2, -12*o + 14*o - 5*c - 8 = 0. Let p be o/((51/1332)/(-17)). Calculate the greatest common factor of p and 12.
12
Let g(z) = 10*z**2 - 18*z + 2. Let l be g(3). Suppose -l*v + 56 = -31*v. Calculate the highest common factor of 24 and v.
8
Let u = 15390 + -4063. Calculate the highest common factor of u and 241.
241
Suppose 17*q - 576 = -19*q. Suppose -20*m + 20 = -q*m. Calculate the highest common divisor of m and 3.
1
Suppose 0 = -67*s + 65*s + x + 2180, 2*s + 4*x - 2160 = 0. What is the greatest common divisor of s and 128?
64
Let t be (2 + -3)*(-34 + 34) - 100*-4. Calculate the highest common divisor of t and 360.
40
Let b = 108 + 162. Let u be (332/(-28) - 8/56)/((-208)/468). Calculate the highest common divisor of b and u.
27
Suppose -5*l = -c - 85, -3*l - 2*c + 79 = 3*c. Let t = l - -14. Let b = 122 - t. What is the highest common divisor of b and 18?
18
Let p = -385 - -391. Suppose 2*v = 2*s, -p*s - v = -2*s - 20. What is the highest common divisor of 22 and s?
2
Let u be ((-1)/((-1)/1))/(20/40). Let l = -3 + 33. Suppose -19 = -2*q - 5*f, 5*q - u*f + l = 92. What is the highest common divisor of 3 and q?
3
Suppose -4*p = 3*l - 6123 - 5551, -5*l + 2910 = p. Calculate the greatest common divisor of 40 and p.
40
Suppose -19*g + 25*g - 144 = 0. Suppose -a + g = q, 0*a - 40 = -3*a + 5*q. Calculate the highest common divisor of a and 460.
20
Let h be (11/33)/(10/1560). Suppose -4*l = -7*l + 546. What is the greatest common factor of l and h?
26
Let t = 108 - 102. Suppose 18*a + t = 24. What is the greatest common divisor of 5 and a?
1
Let w be -3 - ((-10)/(-4) - -1)*-8. What is the greatest common divisor of w and 6075?
25
Let x = -334 - -1654. Let j(a) = a**3 - 171*a**2 + 1468*a - 50. Let z be j(9). What is the greatest common factor of z and x?
40
Suppose 8*l = 574 - 118. Suppose 0 = -5*z + 2*b + l, 2*z + b - 12 = 18. Calculate the highest common divisor of 169 and z.
13
Suppose -18*y = -y - 4590. Let w be ((-16)/20)/(-1*3/y). What is the greatest common factor of w and 612?
36
Suppose 107*y = 112*y - 2780. Let m = 561 - y. Calculate the highest common divisor of m and 185.
5
Let w(b) = b**3 + 7*b**2 - 16*b - 28. Let l be w(7). Let p = 622 - l. Calculate the greatest common factor of p and 8.
4
Let y = 2798 - 2796. What is the highest common factor of 478 and y?
2
Suppose -192 = -2*c + 3*h + 307, 0 = 3*h + 3. Calculate the highest common factor of 88 and c.
8
Suppose -2*k + 5*i = -5*k + 58, -4*k = -4*i - 24. Suppose 83 = 65*q - 1647 - 4705. Calculate the highest common factor of k and q.
11
Suppose 237*z - 55614 = -54*z - 8*z. Calculate the highest common factor of z and 96.
6
Let m = -675 - -1265. Let i = 603 - m. Calculate the highest common factor of 143 and i.
13
Suppose 4*g = t + 593, 4*g - 621 = -0*g - 3*t. What is the greatest common divisor of 93 and g?
3
Suppose 331 = -4*j + 5*d, -2*j - 11*d = -12*d + 167. Let l = 108 - j. What is the greatest common factor of 144 and l?
48
Suppose -5*w - 443*k + 5163 = -446*k, 3*k - 5157 = -5*w. Calculate the greatest common factor of 96 and w.
24
Let d(v) = v**2 + 4*v - 278. Let p be d(16). Calculate the highest common divisor of 532 and p.
14
Let s be ((-8)/(-12)*-1)/(3/(-90)). Let j be 135/s*(-12)/(-9). Calculate the highest common divisor of 27 and j.
9
Let m = 122 - -46. Let u = -6300 + 6348. What is the highest common divisor of m and u?
24
Let t be (-63)/147 + 213/7. Let d(h) = 5*h - 144. Let n be d(t). What is the greatest common divisor of 4 and n?
2
Suppose 5*d - 4*a + 9*a = 535, -5*d + a + 541 = 0. Calculate the highest common factor of 384 and d.
12
Suppose -90 - 10 = -n. Suppose -303 = -4*w + c, 0 = 86*w - 85*w + c - 72. What is the highest common factor of w and n?
25
Let x be 1/6 - ((-1014992)/96 + -19). Calculate the highest common factor of 32 and x.
32
Let i be 6208/224 + 4/14. Calculate the highest common divisor of 1645 and i.
7
Let p(s) = -135*s - 12. Let i be p(-5). Let n(k) = k**3 + 5*k**2 - 24*k - 57. Let m be n(-6). What is the highest common factor of m and i?
51
Let y be (-135 - -21)*2*-1. Let x = -208 + y. What is the greatest common divisor of 4 and x?
4
Let c be 24*(-1)/(-7)*42/12. Suppose 5*a = -5*m + a + 16, -c = m - 3*a. Suppose 14*s - 56 - 196 = m. What is the greatest common factor of s and 2?
2
Let j = -23065 + 23659. What is the highest common divisor of j and 22?
22
Suppose -415*c = -484*c + 548 + 280. What is the greatest common divisor of 880 and c?
4
Let z = 1935 - -204. What is the highest common divisor of 279 and z?
93
Let x(u) = -7 + 27*u**2 + 29*u**2 - 55*u**2 + 9*u - 14. Let d be x(7). Calculate the greatest common factor of d and 26.
13
Let n = -9185 + 9266. Calculate the greatest common factor of 675 and n.
27
Let p be (26/(-4))/(-3 - -4)*-4. Suppose -2*q - 2*d + p = 0, 9 = 5*d + 4. Let g = -69 - -129. Calculate the highest common divisor of q and g.
12
Let s = 9865 + -6559. Calculate the highest common divisor of 19 and s.
19
Let w = -29341 + 30251. What is the highest common factor of w and 195?
65
Suppose i + 2*h = 3, 6*i + h = 4*i + 15. Suppose 21*n = 33 + i. Calculate the greatest common divisor of 46 and n.
2
Suppose -5*y + 223 = -182. Suppose 55*f = 56*f. Suppose -5*b - 16 + y = f. Calculate the highest common divisor of b and 65.
13
Suppose 1111*i - 1098*i = 988. Calculate the greatest common divisor of i and 3.
1
Let d(y) = 1638*y**3 - y**2 - 5*y + 5. Let h be d(2). Calculate the greatest common divisor of 194 and h.
97
Let a be 0 + (-5 - -3) + 996/6. Let p = -146 + a. Calculate the greatest common divisor of 6 and p.
6
Let x(q) = 21*q**2 - 17*q + 152. Let f be x(-11). What is the greatest common divisor of 300 and f?
60
Let i(l) = l**3 + l**2 - 6*l - 7. Let g be i(-2). Suppose p = 5*o + 141, o = -g + 4. Calculate the highest common divisor of 390 and p.
78
Suppose -4 = -2*m + 8. Let h(u) = u**2 + 20*u + 96. Let z be h(-15). Let f be 7/z*12 + 5. Calculate the greatest common factor of f and m.
3
Let z(a) = -4*a + 2. Let d = 50 + -50. Let h be z(d). Suppose g = 4*g + 5*x - 22, h*x = 2*g - 36. Calculate the greatest common factor of 7 and g.
7
Let o(t) = 2*t**3 - 4*t**2 - 8*t - 2. Let f be o(5). Let l = 353 + -299. What is the highest common factor of l and f?
54
Suppose -5*v + 5*x - 3*x = -22, 5*x - 15 = -5*v. Let a be 396*(v - 56/12). Let w = -84 - a. Calculate the greatest common divisor of w and 20.
20
Let i(y) = 3*y**3 - 12*y**2 + 49*y - 12. Let p be i